{"id":4116,"date":"2026-03-15T12:24:55","date_gmt":"2026-03-15T10:24:55","guid":{"rendered":"https:\/\/hpp-web.de\/?page_id=4116"},"modified":"2026-04-07T13:10:27","modified_gmt":"2026-04-07T11:10:27","slug":"safari-safari","status":"publish","type":"page","link":"https:\/\/hpp-web.de\/?page_id=4116","title":{"rendered":"Safari, Safari,.."},"content":{"rendered":"\t\t<div data-elementor-type=\"wp-page\" data-elementor-id=\"4116\" class=\"elementor elementor-4116\" data-elementor-post-type=\"page\">\n\t\t\t\t<div class=\"elementor-element elementor-element-b68b0ab e-flex e-con-boxed e-con e-parent\" data-id=\"b68b0ab\" data-element_type=\"container\" data-e-type=\"container\">\n\t\t\t\t\t<div class=\"e-con-inner\">\n\t\t\t\t<div class=\"elementor-element elementor-element-d1ac8fe elementor-widget elementor-widget-image\" data-id=\"d1ac8fe\" data-element_type=\"widget\" data-e-type=\"widget\" data-widget_type=\"image.default\">\n\t\t\t\t\t\t\t\t\t\t\t\t<figure class=\"wp-caption\">\n\t\t\t\t\t\t\t\t\t\t\t<a href=\"http:\/\/hpp-web.de\/wp-content\/uploads\/2026\/03\/Jeep_klco.jpg\" data-elementor-open-lightbox=\"yes\" data-elementor-lightbox-title=\"Jeep_klco\" data-e-action-hash=\"#elementor-action%3Aaction%3Dlightbox%26settings%3DeyJpZCI6NDE5NiwidXJsIjoiaHR0cHM6XC9cL2hwcC13ZWIuZGVcL3dwLWNvbnRlbnRcL3VwbG9hZHNcLzIwMjZcLzAzXC9KZWVwX2tsY28uanBnIn0%3D\">\n\t\t\t\t\t\t\t<img fetchpriority=\"high\" decoding=\"async\" width=\"756\" height=\"504\" src=\"https:\/\/hpp-web.de\/wp-content\/uploads\/2026\/03\/Jeep_klco-1024x683.jpg\" class=\"attachment-large size-large wp-image-4196\" alt=\"\" srcset=\"https:\/\/hpp-web.de\/wp-content\/uploads\/2026\/03\/Jeep_klco-1024x683.jpg 1024w, https:\/\/hpp-web.de\/wp-content\/uploads\/2026\/03\/Jeep_klco-300x200.jpg 300w, https:\/\/hpp-web.de\/wp-content\/uploads\/2026\/03\/Jeep_klco-768x512.jpg 768w, https:\/\/hpp-web.de\/wp-content\/uploads\/2026\/03\/Jeep_klco.jpg 1134w\" sizes=\"(max-width: 756px) 100vw, 756px\" \/>\t\t\t\t\t\t\t\t<\/a>\n\t\t\t\t\t\t\t\t\t\t\t<figcaption class=\"widget-image-caption wp-caption-text\">Die Fahrt in einem Jeep begann harmlos. Sitzh\u00f6he 30 cm, wenig Halt und ... very fast flogen wir \u00fcber die Stra\u00dfe<\/figcaption>\n\t\t\t\t\t\t\t\t\t\t<\/figure>\n\t\t\t\t\t\t\t\t\t<\/div>\n\t\t\t\t\t<\/div>\n\t\t\t\t<\/div>\n\t\t<div class=\"elementor-element elementor-element-0af7660 e-flex e-con-boxed e-con e-parent\" data-id=\"0af7660\" data-element_type=\"container\" data-e-type=\"container\">\n\t\t\t\t\t<div class=\"e-con-inner\">\n\t\t\t\t<div class=\"elementor-element elementor-element-42fa2e9 elementor-widget elementor-widget-video\" data-id=\"42fa2e9\" data-element_type=\"widget\" data-e-type=\"widget\" data-settings=\"{&quot;video_type&quot;:&quot;hosted&quot;,&quot;start&quot;:0.5,&quot;controls&quot;:&quot;yes&quot;}\" data-widget_type=\"video.default\">\n\t\t\t\t\t\t\t<div class=\"e-hosted-video elementor-wrapper elementor-open-inline\">\n\t\t\t\t\t<video class=\"elementor-video\" src=\"http:\/\/hpp-web.de\/wp-content\/uploads\/2026\/03\/Fahrt-im-Jeep.m4v#t=0.5\" controls=\"\" preload=\"metadata\" controlsList=\"nodownload\"><\/video>\n\t\t\t\t<\/div>\n\t\t\t\t\t\t<\/div>\n\t\t\t\t\t<\/div>\n\t\t\t\t<\/div>\n\t\t<div class=\"elementor-element elementor-element-27c9eda e-flex e-con-boxed e-con e-parent\" data-id=\"27c9eda\" data-element_type=\"container\" data-e-type=\"container\">\n\t\t\t\t\t<div class=\"e-con-inner\">\n\t\t\t\t<div class=\"elementor-element elementor-element-e95b753 elementor-widget elementor-widget-image\" data-id=\"e95b753\" data-element_type=\"widget\" data-e-type=\"widget\" data-widget_type=\"image.default\">\n\t\t\t\t\t\t\t\t\t\t\t\t<figure class=\"wp-caption\">\n\t\t\t\t\t\t\t\t\t\t\t<a href=\"http:\/\/hpp-web.de\/wp-content\/uploads\/2026\/03\/PP_9961a_klco-scaled.jpg\" data-elementor-open-lightbox=\"yes\" data-elementor-lightbox-title=\"PP_9961a_klco\" data-e-action-hash=\"#elementor-action%3Aaction%3Dlightbox%26settings%3DeyJpZCI6NDE2MywidXJsIjoiaHR0cHM6XC9cL2hwcC13ZWIuZGVcL3dwLWNvbnRlbnRcL3VwbG9hZHNcLzIwMjZcLzAzXC9QUF85OTYxYV9rbGNvLXNjYWxlZC5qcGcifQ%3D%3D\">\n\t\t\t\t\t\t\t<img decoding=\"async\" width=\"756\" height=\"504\" src=\"https:\/\/hpp-web.de\/wp-content\/uploads\/2026\/03\/PP_9961a_klco-1024x683.jpg\" class=\"attachment-large size-large wp-image-4163\" alt=\"\" srcset=\"https:\/\/hpp-web.de\/wp-content\/uploads\/2026\/03\/PP_9961a_klco-1024x683.jpg 1024w, https:\/\/hpp-web.de\/wp-content\/uploads\/2026\/03\/PP_9961a_klco-300x200.jpg 300w, https:\/\/hpp-web.de\/wp-content\/uploads\/2026\/03\/PP_9961a_klco-768x512.jpg 768w, https:\/\/hpp-web.de\/wp-content\/uploads\/2026\/03\/PP_9961a_klco-1536x1024.jpg 1536w, https:\/\/hpp-web.de\/wp-content\/uploads\/2026\/03\/PP_9961a_klco-2048x1365.jpg 2048w\" sizes=\"(max-width: 756px) 100vw, 756px\" \/>\t\t\t\t\t\t\t\t<\/a>\n\t\t\t\t\t\t\t\t\t\t\t<figcaption class=\"widget-image-caption wp-caption-text\">doch als sich die Stra\u00dfe in einen unebenen W\u00fcstenboden mit heftigen Schlagl\u00f6chern verwandelte, verging allen Mitfahrenden das Lachen...<\/figcaption>\n\t\t\t\t\t\t\t\t\t\t<\/figure>\n\t\t\t\t\t\t\t\t\t<\/div>\n\t\t\t\t\t<\/div>\n\t\t\t\t<\/div>\n\t\t<div class=\"elementor-element elementor-element-05cb18b e-flex e-con-boxed e-con e-parent\" data-id=\"05cb18b\" data-element_type=\"container\" data-e-type=\"container\">\n\t\t\t\t\t<div class=\"e-con-inner\">\n\t\t\t\t<div class=\"elementor-element elementor-element-10b8ad0 elementor-widget elementor-widget-image\" data-id=\"10b8ad0\" data-element_type=\"widget\" data-e-type=\"widget\" data-widget_type=\"image.default\">\n\t\t\t\t\t\t\t\t\t\t\t\t<figure class=\"wp-caption\">\n\t\t\t\t\t\t\t\t\t\t\t<a href=\"http:\/\/hpp-web.de\/wp-content\/uploads\/2026\/03\/IMG_3494a.jpg\" data-elementor-open-lightbox=\"yes\" data-elementor-lightbox-title=\"IMG_3494a\" data-e-action-hash=\"#elementor-action%3Aaction%3Dlightbox%26settings%3DeyJpZCI6NDE2NCwidXJsIjoiaHR0cHM6XC9cL2hwcC13ZWIuZGVcL3dwLWNvbnRlbnRcL3VwbG9hZHNcLzIwMjZcLzAzXC9JTUdfMzQ5NGEuanBnIn0%3D\">\n\t\t\t\t\t\t\t<img decoding=\"async\" width=\"756\" height=\"790\" src=\"https:\/\/hpp-web.de\/wp-content\/uploads\/2026\/03\/IMG_3494a.jpg\" class=\"attachment-large size-large wp-image-4164\" alt=\"\" srcset=\"https:\/\/hpp-web.de\/wp-content\/uploads\/2026\/03\/IMG_3494a.jpg 850w, https:\/\/hpp-web.de\/wp-content\/uploads\/2026\/03\/IMG_3494a-287x300.jpg 287w, https:\/\/hpp-web.de\/wp-content\/uploads\/2026\/03\/IMG_3494a-768x802.jpg 768w\" sizes=\"(max-width: 756px) 100vw, 756px\" \/>\t\t\t\t\t\t\t\t<\/a>\n\t\t\t\t\t\t\t\t\t\t\t<figcaption class=\"widget-image-caption wp-caption-text\">und ging in achtsames Beobachten \u00fcber<\/figcaption>\n\t\t\t\t\t\t\t\t\t\t<\/figure>\n\t\t\t\t\t\t\t\t\t<\/div>\n\t\t\t\t\t<\/div>\n\t\t\t\t<\/div>\n\t\t<div class=\"elementor-element elementor-element-281176b e-flex e-con-boxed e-con e-parent\" data-id=\"281176b\" data-element_type=\"container\" data-e-type=\"container\">\n\t\t\t\t\t<div class=\"e-con-inner\">\n\t\t\t\t<div class=\"elementor-element elementor-element-de3cfd3 elementor-widget elementor-widget-image\" data-id=\"de3cfd3\" data-element_type=\"widget\" data-e-type=\"widget\" data-widget_type=\"image.default\">\n\t\t\t\t\t\t\t\t\t\t\t\t<figure class=\"wp-caption\">\n\t\t\t\t\t\t\t\t\t\t\t<a href=\"http:\/\/hpp-web.de\/wp-content\/uploads\/2026\/03\/PP_9964a_klco-scaled.jpg\" data-elementor-open-lightbox=\"yes\" data-elementor-lightbox-title=\"PP_9964a_klco\" data-e-action-hash=\"#elementor-action%3Aaction%3Dlightbox%26settings%3DeyJpZCI6NDE3MSwidXJsIjoiaHR0cHM6XC9cL2hwcC13ZWIuZGVcL3dwLWNvbnRlbnRcL3VwbG9hZHNcLzIwMjZcLzAzXC9QUF85OTY0YV9rbGNvLXNjYWxlZC5qcGcifQ%3D%3D\">\n\t\t\t\t\t\t\t<img loading=\"lazy\" decoding=\"async\" width=\"683\" height=\"1024\" src=\"https:\/\/hpp-web.de\/wp-content\/uploads\/2026\/03\/PP_9964a_klco-683x1024.jpg\" class=\"attachment-large size-large wp-image-4171\" alt=\"\" srcset=\"https:\/\/hpp-web.de\/wp-content\/uploads\/2026\/03\/PP_9964a_klco-683x1024.jpg 683w, https:\/\/hpp-web.de\/wp-content\/uploads\/2026\/03\/PP_9964a_klco-200x300.jpg 200w, https:\/\/hpp-web.de\/wp-content\/uploads\/2026\/03\/PP_9964a_klco-768x1152.jpg 768w, https:\/\/hpp-web.de\/wp-content\/uploads\/2026\/03\/PP_9964a_klco-1024x1536.jpg 1024w, https:\/\/hpp-web.de\/wp-content\/uploads\/2026\/03\/PP_9964a_klco-1365x2048.jpg 1365w, https:\/\/hpp-web.de\/wp-content\/uploads\/2026\/03\/PP_9964a_klco-scaled.jpg 1707w\" sizes=\"(max-width: 683px) 100vw, 683px\" \/>\t\t\t\t\t\t\t\t<\/a>\n\t\t\t\t\t\t\t\t\t\t\t<figcaption class=\"widget-image-caption wp-caption-text\">bei 80 m\/h war nicht mehr an kontrolliertes Fotografieren und Filmen zu denken, nur Staub hinter uns<\/figcaption>\n\t\t\t\t\t\t\t\t\t\t<\/figure>\n\t\t\t\t\t\t\t\t\t<\/div>\n\t\t\t\t\t<\/div>\n\t\t\t\t<\/div>\n\t\t<div class=\"elementor-element elementor-element-c700931 e-flex e-con-boxed e-con e-parent\" data-id=\"c700931\" data-element_type=\"container\" data-e-type=\"container\">\n\t\t\t\t\t<div class=\"e-con-inner\">\n\t\t\t\t<div class=\"elementor-element elementor-element-dd966eb elementor-widget elementor-widget-image\" data-id=\"dd966eb\" data-element_type=\"widget\" data-e-type=\"widget\" data-widget_type=\"image.default\">\n\t\t\t\t\t\t\t\t\t\t\t\t<figure class=\"wp-caption\">\n\t\t\t\t\t\t\t\t\t\t<img loading=\"lazy\" decoding=\"async\" width=\"756\" height=\"504\" src=\"https:\/\/hpp-web.de\/wp-content\/uploads\/2026\/03\/PP_9968b_klco-1024x683.jpg\" class=\"attachment-large size-large wp-image-4183\" alt=\"\" srcset=\"https:\/\/hpp-web.de\/wp-content\/uploads\/2026\/03\/PP_9968b_klco-1024x683.jpg 1024w, https:\/\/hpp-web.de\/wp-content\/uploads\/2026\/03\/PP_9968b_klco-300x200.jpg 300w, https:\/\/hpp-web.de\/wp-content\/uploads\/2026\/03\/PP_9968b_klco-768x512.jpg 768w, https:\/\/hpp-web.de\/wp-content\/uploads\/2026\/03\/PP_9968b_klco-1536x1024.jpg 1536w, https:\/\/hpp-web.de\/wp-content\/uploads\/2026\/03\/PP_9968b_klco-2048x1365.jpg 2048w\" sizes=\"(max-width: 756px) 100vw, 756px\" \/>\t\t\t\t\t\t\t\t\t\t\t<figcaption class=\"widget-image-caption wp-caption-text\">mit einigen Blessuren (Stauchungen Wirbels\u00e4ule) kamen wir im Beduinendorf an<\/figcaption>\n\t\t\t\t\t\t\t\t\t\t<\/figure>\n\t\t\t\t\t\t\t\t\t<\/div>\n\t\t\t\t\t<\/div>\n\t\t\t\t<\/div>\n\t\t<div class=\"elementor-element elementor-element-fa1140a e-flex e-con-boxed e-con e-parent\" data-id=\"fa1140a\" data-element_type=\"container\" data-e-type=\"container\">\n\t\t\t\t\t<div class=\"e-con-inner\">\n\t\t\t\t<div class=\"elementor-element elementor-element-4060337 elementor-widget elementor-widget-image\" data-id=\"4060337\" data-element_type=\"widget\" data-e-type=\"widget\" data-widget_type=\"image.default\">\n\t\t\t\t\t\t\t\t\t\t\t\t<figure class=\"wp-caption\">\n\t\t\t\t\t\t\t\t\t\t\t<a href=\"http:\/\/hpp-web.de\/wp-content\/uploads\/2026\/03\/IMG_0674-scaled.jpeg\" data-elementor-open-lightbox=\"yes\" data-elementor-lightbox-title=\"IMG_0674\" data-e-action-hash=\"#elementor-action%3Aaction%3Dlightbox%26settings%3DeyJpZCI6NDEzMCwidXJsIjoiaHR0cHM6XC9cL2hwcC13ZWIuZGVcL3dwLWNvbnRlbnRcL3VwbG9hZHNcLzIwMjZcLzAzXC9JTUdfMDY3NC1zY2FsZWQuanBlZyJ9\">\n\t\t\t\t\t\t\t<img loading=\"lazy\" decoding=\"async\" width=\"576\" height=\"1024\" src=\"https:\/\/hpp-web.de\/wp-content\/uploads\/2026\/03\/IMG_0674-576x1024.jpeg\" class=\"attachment-large size-large wp-image-4130\" alt=\"\" srcset=\"https:\/\/hpp-web.de\/wp-content\/uploads\/2026\/03\/IMG_0674-576x1024.jpeg 576w, https:\/\/hpp-web.de\/wp-content\/uploads\/2026\/03\/IMG_0674-169x300.jpeg 169w, https:\/\/hpp-web.de\/wp-content\/uploads\/2026\/03\/IMG_0674-768x1365.jpeg 768w, https:\/\/hpp-web.de\/wp-content\/uploads\/2026\/03\/IMG_0674-864x1536.jpeg 864w, https:\/\/hpp-web.de\/wp-content\/uploads\/2026\/03\/IMG_0674-1152x2048.jpeg 1152w, https:\/\/hpp-web.de\/wp-content\/uploads\/2026\/03\/IMG_0674-scaled.jpeg 1440w\" sizes=\"(max-width: 576px) 100vw, 576px\" \/>\t\t\t\t\t\t\t\t<\/a>\n\t\t\t\t\t\t\t\t\t\t\t<figcaption class=\"widget-image-caption wp-caption-text\">und hoch zu Kamel (f\u00fcr die Klugschieters: es war ein Dromedar) ging es los<\/figcaption>\n\t\t\t\t\t\t\t\t\t\t<\/figure>\n\t\t\t\t\t\t\t\t\t<\/div>\n\t\t\t\t\t<\/div>\n\t\t\t\t<\/div>\n\t\t<div class=\"elementor-element elementor-element-e981013 e-flex e-con-boxed e-con e-parent\" data-id=\"e981013\" data-element_type=\"container\" data-e-type=\"container\">\n\t\t\t\t\t<div class=\"e-con-inner\">\n\t\t\t\t<div class=\"elementor-element elementor-element-66fa11f elementor-widget elementor-widget-image\" data-id=\"66fa11f\" data-element_type=\"widget\" data-e-type=\"widget\" data-widget_type=\"image.default\">\n\t\t\t\t\t\t\t\t\t\t\t\t<figure class=\"wp-caption\">\n\t\t\t\t\t\t\t\t\t\t\t<a href=\"http:\/\/hpp-web.de\/wp-content\/uploads\/2026\/04\/PP_0071_klco-scaled.jpg\" data-elementor-open-lightbox=\"yes\" data-elementor-lightbox-title=\"PP_0071_klco\" data-e-action-hash=\"#elementor-action%3Aaction%3Dlightbox%26settings%3DeyJpZCI6NDIzNiwidXJsIjoiaHR0cHM6XC9cL2hwcC13ZWIuZGVcL3dwLWNvbnRlbnRcL3VwbG9hZHNcLzIwMjZcLzA0XC9QUF8wMDcxX2tsY28tc2NhbGVkLmpwZyJ9\">\n\t\t\t\t\t\t\t<img loading=\"lazy\" decoding=\"async\" width=\"756\" height=\"504\" src=\"https:\/\/hpp-web.de\/wp-content\/uploads\/2026\/04\/PP_0071_klco-1024x683.jpg\" class=\"attachment-large size-large wp-image-4236\" alt=\"\" srcset=\"https:\/\/hpp-web.de\/wp-content\/uploads\/2026\/04\/PP_0071_klco-1024x683.jpg 1024w, https:\/\/hpp-web.de\/wp-content\/uploads\/2026\/04\/PP_0071_klco-300x200.jpg 300w, https:\/\/hpp-web.de\/wp-content\/uploads\/2026\/04\/PP_0071_klco-768x512.jpg 768w, https:\/\/hpp-web.de\/wp-content\/uploads\/2026\/04\/PP_0071_klco-1536x1024.jpg 1536w, https:\/\/hpp-web.de\/wp-content\/uploads\/2026\/04\/PP_0071_klco-2048x1365.jpg 2048w\" sizes=\"(max-width: 756px) 100vw, 756px\" \/>\t\t\t\t\t\t\t\t<\/a>\n\t\t\t\t\t\t\t\t\t\t\t<figcaption class=\"widget-image-caption wp-caption-text\">Sonnenuntergang in der Sahara<\/figcaption>\n\t\t\t\t\t\t\t\t\t\t<\/figure>\n\t\t\t\t\t\t\t\t\t<\/div>\n\t\t\t\t\t<\/div>\n\t\t\t\t<\/div>\n\t\t\t\t<\/div>\n\t\t","protected":false},"excerpt":{"rendered":"<p>Die Fahrt in einem Jeep begann harmlos. Sitzh\u00f6he 30 cm, wenig Halt und &#8230; very fast flogen wir \u00fcber die Stra\u00dfe http:\/\/hpp-web.de\/wp-content\/uploads\/2026\/03\/Fahrt-im-Jeep.m4v#t=0.5 doch als sich die Stra\u00dfe in einen unebenen W\u00fcstenboden mit heftigen Schlagl\u00f6chern verwandelte, verging allen Mitfahrenden das Lachen&#8230; und ging in achtsames Beobachten &hellip; <a href=\"https:\/\/hpp-web.de\/?page_id=4116\" class=\"more-link\"><span>Continue reading<span class=\"screen-reader-text\">Safari, Safari,..<\/span><\/span><\/a><\/p>\n","protected":false},"author":1,"featured_media":0,"parent":0,"menu_order":0,"comment_status":"closed","ping_status":"closed","template":"","meta":{"advanced_seo_description":"","jetpack_seo_html_title":"","jetpack_seo_noindex":false,"footnotes":""},"class_list":["post-4116","page","type-page","status-publish","hentry"],"jetpack_sharing_enabled":true,"_links":{"self":[{"href":"https:\/\/hpp-web.de\/index.php?rest_route=\/wp\/v2\/pages\/4116","targetHints":{"allow":["GET"]}}],"collection":[{"href":"https:\/\/hpp-web.de\/index.php?rest_route=\/wp\/v2\/pages"}],"about":[{"href":"https:\/\/hpp-web.de\/index.php?rest_route=\/wp\/v2\/types\/page"}],"author":[{"embeddable":true,"href":"https:\/\/hpp-web.de\/index.php?rest_route=\/wp\/v2\/users\/1"}],"replies":[{"embeddable":true,"href":"https:\/\/hpp-web.de\/index.php?rest_route=%2Fwp%2Fv2%2Fcomments&post=4116"}],"version-history":[{"count":40,"href":"https:\/\/hpp-web.de\/index.php?rest_route=\/wp\/v2\/pages\/4116\/revisions"}],"predecessor-version":[{"id":4251,"href":"https:\/\/hpp-web.de\/index.php?rest_route=\/wp\/v2\/pages\/4116\/revisions\/4251"}],"wp:attachment":[{"href":"https:\/\/hpp-web.de\/index.php?rest_route=%2Fwp%2Fv2%2Fmedia&parent=4116"}],"curies":[{"name":"wp","href":"https:\/\/api.w.org\/{rel}","templated":true}]}}