{"id":3101,"date":"2020-01-01T23:20:08","date_gmt":"2020-01-01T21:20:08","guid":{"rendered":"http:\/\/hpp-web.de\/?page_id=3101"},"modified":"2024-09-21T13:57:08","modified_gmt":"2024-09-21T11:57:08","slug":"elementor-3101","status":"publish","type":"page","link":"https:\/\/hpp-web.de\/?page_id=3101","title":{"rendered":"Veranstaltungen"},"content":{"rendered":"\t\t<div data-elementor-type=\"wp-page\" data-elementor-id=\"3101\" class=\"elementor elementor-3101\" data-elementor-post-type=\"page\">\n\t\t\t\t\t\t<section class=\"elementor-section elementor-top-section elementor-element elementor-element-f452b9d elementor-section-boxed elementor-section-height-default elementor-section-height-default\" data-id=\"f452b9d\" data-element_type=\"section\" data-e-type=\"section\">\n\t\t\t\t\t\t<div class=\"elementor-container elementor-column-gap-default\">\n\t\t\t\t\t<div class=\"elementor-column elementor-col-100 elementor-top-column elementor-element elementor-element-afd3e9e\" data-id=\"afd3e9e\" data-element_type=\"column\" data-e-type=\"column\">\n\t\t\t<div class=\"elementor-widget-wrap elementor-element-populated\">\n\t\t\t\t\t\t<div class=\"elementor-element elementor-element-64e7747 elementor-widget elementor-widget-image\" data-id=\"64e7747\" data-element_type=\"widget\" data-e-type=\"widget\" data-widget_type=\"image.default\">\n\t\t\t\t\t\t\t\t\t\t\t\t<figure class=\"wp-caption\">\n\t\t\t\t\t\t\t\t\t\t<img fetchpriority=\"high\" decoding=\"async\" width=\"756\" height=\"504\" src=\"https:\/\/hpp-web.de\/wp-content\/uploads\/2020\/01\/Feuerwerk_1-1024x683.jpeg\" class=\"attachment-large size-large wp-image-3103\" alt=\"\" srcset=\"https:\/\/hpp-web.de\/wp-content\/uploads\/2020\/01\/Feuerwerk_1-1024x683.jpeg 1024w, https:\/\/hpp-web.de\/wp-content\/uploads\/2020\/01\/Feuerwerk_1-300x200.jpeg 300w, https:\/\/hpp-web.de\/wp-content\/uploads\/2020\/01\/Feuerwerk_1-768x512.jpeg 768w, https:\/\/hpp-web.de\/wp-content\/uploads\/2020\/01\/Feuerwerk_1-1536x1024.jpeg 1536w, https:\/\/hpp-web.de\/wp-content\/uploads\/2020\/01\/Feuerwerk_1-2048x1365.jpeg 2048w\" sizes=\"(max-width: 756px) 100vw, 756px\" \/>\t\t\t\t\t\t\t\t\t\t\t<figcaption class=\"widget-image-caption wp-caption-text\">Begr\u00fc\u00dfung 2020<\/figcaption>\n\t\t\t\t\t\t\t\t\t\t<\/figure>\n\t\t\t\t\t\t\t\t\t<\/div>\n\t\t\t\t\t<\/div>\n\t\t<\/div>\n\t\t\t\t\t<\/div>\n\t\t<\/section>\n\t\t\t\t<section class=\"elementor-section elementor-top-section elementor-element elementor-element-9101fcb elementor-section-boxed elementor-section-height-default elementor-section-height-default\" data-id=\"9101fcb\" data-element_type=\"section\" data-e-type=\"section\">\n\t\t\t\t\t\t<div class=\"elementor-container elementor-column-gap-default\">\n\t\t\t\t\t<div class=\"elementor-column elementor-col-100 elementor-top-column elementor-element elementor-element-5ea37dc\" data-id=\"5ea37dc\" data-element_type=\"column\" data-e-type=\"column\">\n\t\t\t<div class=\"elementor-widget-wrap elementor-element-populated\">\n\t\t\t\t\t\t<div class=\"elementor-element elementor-element-5e92b32 elementor-widget elementor-widget-image\" data-id=\"5e92b32\" data-element_type=\"widget\" data-e-type=\"widget\" data-widget_type=\"image.default\">\n\t\t\t\t\t\t\t\t\t\t\t\t<figure class=\"wp-caption\">\n\t\t\t\t\t\t\t\t\t\t<img decoding=\"async\" width=\"756\" height=\"340\" src=\"https:\/\/hpp-web.de\/wp-content\/uploads\/2020\/01\/Feuerwerk_Horizontalbewegt_kl_cop-1024x460.jpg\" class=\"attachment-large size-large wp-image-3102\" alt=\"\" srcset=\"https:\/\/hpp-web.de\/wp-content\/uploads\/2020\/01\/Feuerwerk_Horizontalbewegt_kl_cop-1024x460.jpg 1024w, https:\/\/hpp-web.de\/wp-content\/uploads\/2020\/01\/Feuerwerk_Horizontalbewegt_kl_cop-300x135.jpg 300w, https:\/\/hpp-web.de\/wp-content\/uploads\/2020\/01\/Feuerwerk_Horizontalbewegt_kl_cop-768x345.jpg 768w, https:\/\/hpp-web.de\/wp-content\/uploads\/2020\/01\/Feuerwerk_Horizontalbewegt_kl_cop-1536x691.jpg 1536w, https:\/\/hpp-web.de\/wp-content\/uploads\/2020\/01\/Feuerwerk_Horizontalbewegt_kl_cop-2048x921.jpg 2048w\" sizes=\"(max-width: 756px) 100vw, 756px\" \/>\t\t\t\t\t\t\t\t\t\t\t<figcaption class=\"widget-image-caption wp-caption-text\">1.1.2020 Feuerwerk Fotoexperiment 15 sec horizontale Kamerabewegung<\/figcaption>\n\t\t\t\t\t\t\t\t\t\t<\/figure>\n\t\t\t\t\t\t\t\t\t<\/div>\n\t\t\t\t\t<\/div>\n\t\t<\/div>\n\t\t\t\t\t<\/div>\n\t\t<\/section>\n\t\t\t\t<section class=\"elementor-section elementor-top-section elementor-element elementor-element-60078c2 elementor-section-boxed elementor-section-height-default elementor-section-height-default\" data-id=\"60078c2\" data-element_type=\"section\" data-e-type=\"section\">\n\t\t\t\t\t\t<div class=\"elementor-container elementor-column-gap-default\">\n\t\t\t\t\t<div class=\"elementor-column elementor-col-100 elementor-top-column elementor-element elementor-element-56a711c\" data-id=\"56a711c\" data-element_type=\"column\" data-e-type=\"column\">\n\t\t\t<div class=\"elementor-widget-wrap elementor-element-populated\">\n\t\t\t\t\t\t<div class=\"elementor-element elementor-element-0963f3f elementor-widget elementor-widget-image\" data-id=\"0963f3f\" data-element_type=\"widget\" data-e-type=\"widget\" data-widget_type=\"image.default\">\n\t\t\t\t\t\t\t\t\t\t\t\t<figure class=\"wp-caption\">\n\t\t\t\t\t\t\t\t\t\t\t<a href=\"http:\/\/hpp-web.de\/wp-content\/uploads\/2024\/09\/1029-klcop.jpg\" data-elementor-open-lightbox=\"yes\" data-elementor-lightbox-title=\"1029 klcop\" data-e-action-hash=\"#elementor-action%3Aaction%3Dlightbox%26settings%3DeyJpZCI6Mzg5NywidXJsIjoiaHR0cHM6XC9cL2hwcC13ZWIuZGVcL3dwLWNvbnRlbnRcL3VwbG9hZHNcLzIwMjRcLzA5XC8xMDI5LWtsY29wLmpwZyJ9\">\n\t\t\t\t\t\t\t<img decoding=\"async\" width=\"630\" height=\"1024\" src=\"https:\/\/hpp-web.de\/wp-content\/uploads\/2024\/09\/1029-klcop-630x1024.jpg\" class=\"attachment-large size-large wp-image-3897\" alt=\"\" srcset=\"https:\/\/hpp-web.de\/wp-content\/uploads\/2024\/09\/1029-klcop-630x1024.jpg 630w, https:\/\/hpp-web.de\/wp-content\/uploads\/2024\/09\/1029-klcop-185x300.jpg 185w, https:\/\/hpp-web.de\/wp-content\/uploads\/2024\/09\/1029-klcop-768x1248.jpg 768w, https:\/\/hpp-web.de\/wp-content\/uploads\/2024\/09\/1029-klcop-946x1536.jpg 946w, https:\/\/hpp-web.de\/wp-content\/uploads\/2024\/09\/1029-klcop.jpg 1182w\" sizes=\"(max-width: 630px) 100vw, 630px\" \/>\t\t\t\t\t\t\t\t<\/a>\n\t\t\t\t\t\t\t\t\t\t\t<figcaption class=\"widget-image-caption wp-caption-text\">Lichterwelt im Otterpark Hankensb\u00fcttel 20.09.24<\/figcaption>\n\t\t\t\t\t\t\t\t\t\t<\/figure>\n\t\t\t\t\t\t\t\t\t<\/div>\n\t\t\t\t\t<\/div>\n\t\t<\/div>\n\t\t\t\t\t<\/div>\n\t\t<\/section>\n\t\t\t\t<\/div>\n\t\t","protected":false},"excerpt":{"rendered":"<p>Begr\u00fc\u00dfung 2020 1.1.2020 Feuerwerk Fotoexperiment 15 sec horizontale Kamerabewegung Lichterwelt im Otterpark Hankensb\u00fcttel 20.09.24<\/p>\n","protected":false},"author":1,"featured_media":0,"parent":0,"menu_order":0,"comment_status":"closed","ping_status":"closed","template":"","meta":{"advanced_seo_description":"","jetpack_seo_html_title":"","jetpack_seo_noindex":false,"footnotes":""},"class_list":["post-3101","page","type-page","status-publish","hentry"],"jetpack_sharing_enabled":true,"_links":{"self":[{"href":"https:\/\/hpp-web.de\/index.php?rest_route=\/wp\/v2\/pages\/3101","targetHints":{"allow":["GET"]}}],"collection":[{"href":"https:\/\/hpp-web.de\/index.php?rest_route=\/wp\/v2\/pages"}],"about":[{"href":"https:\/\/hpp-web.de\/index.php?rest_route=\/wp\/v2\/types\/page"}],"author":[{"embeddable":true,"href":"https:\/\/hpp-web.de\/index.php?rest_route=\/wp\/v2\/users\/1"}],"replies":[{"embeddable":true,"href":"https:\/\/hpp-web.de\/index.php?rest_route=%2Fwp%2Fv2%2Fcomments&post=3101"}],"version-history":[{"count":7,"href":"https:\/\/hpp-web.de\/index.php?rest_route=\/wp\/v2\/pages\/3101\/revisions"}],"predecessor-version":[{"id":3900,"href":"https:\/\/hpp-web.de\/index.php?rest_route=\/wp\/v2\/pages\/3101\/revisions\/3900"}],"wp:attachment":[{"href":"https:\/\/hpp-web.de\/index.php?rest_route=%2Fwp%2Fv2%2Fmedia&parent=3101"}],"curies":[{"name":"wp","href":"https:\/\/api.w.org\/{rel}","templated":true}]}}